?
1
What is the hundreds digit of 319441?
4
What is the ten thousands digit of 2261333?
6
What is the thousands digit of 1773273?
3
What is the ten thousands digit of 205539?
0
What is the millions digit of 4113632?
4
What is the thousands digit of 4397913?
7
What is the thousands digit of 778793?
8
What is the hundred thousands digit of 104074?
1
What is the hundred thousands digit of 4324653?
3
What is the thousands digit of 2525261?
5
What is the hundreds digit of 85168?
1
What is the millions digit of 1445388?
1
What is the ten thousands digit of 1376752?
7
What is the ten thousands digit of 142435?
4
What is the ten thousands digit of 1488201?
8
What is the hundred thousands digit of 14372836?
3
What is the hundred thousands digit of 168663?
1
What is the ten thousands digit of 1407704?
0
What is the hundreds digit of 665304?
3
What is the tens digit of 9271512?
1
What is the units digit of 14678955?
5
What is the tens digit of 25335436?
3
What is the millions digit of 10432029?
0
What is the hundreds digit of 1168331?
3
What is the units digit of 510491?
1
What is the tens digit of 197593?
9
What is the hundreds digit of 340434?
4
What is the ten millions digit of 35779144?
3
What is the millions digit of 9666031?
9
What is the tens digit of 126886?
8
What is the hundred thousands digit of 203127?
2
What is the millions digit of 1065921?
1
What is the units digit of 1222943?
3
What is the thousands digit of 35990?
5
What is the units digit of 565706?
6
What is the units digit of 2396958?
8
What is the thousands digit of 4964527?
4
What is the ten thousands digit of 68650?
6
What is the tens digit of 450140?
4
What is the hundreds digit of 5579623?
6
What is the hundreds digit of 25735?
7
What is the hundred thousands digit of 405284?
4
What is the hundred thousands digit of 3822348?
8
What is the ten millions digit of 11598038?
1
What is the hundred thousands digit of 7889208?
8
What is the hundreds digit of 11053972?
9
What is the tens digit of 2250430?
3
What is the hundreds digit of 9280194?
1
What is the thousands digit of 751737?
1
What is the units digit of 353965?
5
What is the ten thousands digit of 2916724?
1
What is the hundreds digit of 579196?
1
What is the ten thousands digit of 4482398?
8
What is the tens digit of 584963?
6
What is the hundred thousands digit of 643940?
6
What is the units digit of 296282?
2
What is the hundred thousands digit of 1557128?
5
What is the hundred thousands digit of 3292589?
2
What is the tens digit of 201721?
2
What is the tens digit of 465652?
5
What is the units digit of 4013964?
4
What is the tens digit of 411214?
1
What is the ten thousands digit of 3333877?
3
What is the millions digit of 3510705?
3
What is the hundred thousands digit of 15735863?
7
What is the thousands digit of 971063?
1
What is the ten thousands digit of 374099?
7
What is the tens digit of 15817680?
8
What is the tens digit of 2345232?
3
What is the hundred thousands digit of 10684267?
6
What is the hundred thousands digit of 506462?
5
What is the hundred thousands digit of 3654797?
6
What is the tens digit of 3928791?
9
What is the ten thousands digit of 268175?
6
What is the hundreds digit of 72772?
7
What is the hundreds digit of 10988621?
6
What is the hundreds digit of 2985370?
3
What is the ten thousands digit of 199825?
9
What is the tens digit of 19073593?
9
What is the hundred thousands digit of 1670005?
6
What is the hundreds digit of 493905?
9
What is the thousands digit of 175494?
5
What is the units digit of 313326?
6
What is the units digit of 2429663?
3
What is the thousands digit of 208573?
8
What is the hundreds digit of 1789407?
4
What is the ten thousands digit of 4312260?
1
What is the hundred thousands digit of 9705416?
7
What is the millions digit of 18184595?
8
What is the ten thousands digit of 4910980?
1
What is the hundred thousands digit of 1262912?
2
What is the millions digit of 5875998?
5
What is the thousands digit of 312470?
2
What is the millions digit of 3872533?
3
What is the thousands digit of 15905953?
5
What is the millions digit of 2241598?
2
What is the millions digit of 2887292?
2
What is the hundreds digit of 13376181?
1
What is the hundreds digit of 23511081?
0
What is the hundreds digit of 282942?
9
What is the hundreds digit of 233751?
7
What is the hundred thousands digit of 21835660?
8
What is the units digit of 1228943?
3
What is the millions digit of 2314773?
2
What is the millions digit of 1361497?
1
What is the hundred thousands digit of 2427346?
4
What is the hundred thousands digit of 309761?
3
What is the millions digit of 1563706?
1
What is the ten thousands digit of 1584863?
8
What is the tens digit of 158841?
4
What is the hundred thousands digit of 284777?
2
What is the units digit of 122500?
0
What is the hundreds digit of 104765?
7
What is the hundreds digit of 138576?
5
What is the ten millions digit of 13127324?
1
What is the units digit of 185706?
6
What is the thousands digit of 1438073?
8
What is the units digit of 11887998?
8
What is the ten thousands digit of 448610?
4
What is the hundred thousands digit of 112348?
1
What is the thousands digit of 388346?
8
What is the hundreds digit of 1094507?
5
What is the thousands digit of 32677406?
7
What is the thousands digit of 46303?
6
What is the hundreds digit of 4997168?
1
What is the tens digit of 407343?
4
What is the hundreds digit of 197208?
2
What is the ten thousands digit of 279678?
7
What is the thousands digit of 27230946?
0
What is the ten thousands digit of 217357?
1
What is the hundred thousands digit of 525931?
5
What is the hundred thousands digit of 297956?
2
What is the tens digit of 417943?
4
What is the tens digit of 184119?
1
What is the hundred thousands digit of 810073?
8
What is the hundreds digit of 33452?
4
What is the ten thousands digit of 4722460?
2
What is the hundreds digit of 1009605?
6
What is the tens digit of 191303?
0
What is the units digit of 246?
6
What is the hundred thousands digit of 3023449?
0
What is the units digit of 5256798?
8
What is the ten thousands digit of 4075199?
7
What is the thousands digit of 32315?
2
What is the units digit of 4889005?
5
What is the ten thousands digit of 179520?
7
What is the tens digit of 737686?
8
What is the millions digit of 4317437?
4
What is the hundred thousands digit of 1404665?
4
What is the thousands digit of 706141?
6
What is the hundred thousands digit of 5927259?
9
What is the ten thousands digit of 4674127?
7
What is the hundreds digit of 12406854?
8
What is the millions digit of 6746742?
6
What is the tens digit of 4021910?
1
What is the thousands digit of 162203?
2
What is the units digit of 45692?
2
What is the tens digit of 211247?
4
What is the hundreds digit of 44417?
4
What is the hundred thousands digit of 7081171?
0
What is the ten thousands digit of 250460?
5
What is the units digit of 60607?
7
What is the ten thousands digit of 983466?
8
What is the thousands digit of 887275?
7
What is the hundreds digit of 8112875?
8
What is the units digit of 8793093?
3
What is the thousands digit of 466498?
6
What is the ten thousands digit of 10728804?
2
What is the hundred thousands digit of 3759868?
7
What is the hundreds digit of 13079238?
2
What is the ten thousands digit of 10632216?
3
What is the thousands digit of 5759469?
9
What is the ten millions digit of 10939366?
1
What is the thousands digit of 1344141?
4
What is the thousands digit of 319877?
9
What is the thousands digit of 17486?
7
What is the millions digit of 9988492?
9
What is the tens digit of 2343154?
5
What is the tens digit of 2096596?
9
What is the hundreds digit of 20561170?
1
What is the ten thousands digit of 55935?
5
What is the ten millions digit of 10710145?
1
What is the ten thousands digit of 5898643?
9
What is the thousands digit of 4838106?
8
What is the tens digit of 87900?
0
What is the hundred thousands digit of 396106?
3
What is the thousands digit of 7257883?
7
What is the hundreds digit of 188506?
5
What is the units digit of 166333?
3
What is the millions digit of 2387181?
2
What is the hundred thousands digit of 930457?
9
What is the thousands digit of 709900?
9
What is the ten thousands digit of 4340556?
4
What is the tens di